{"id":8,"date":"2021-02-14T23:01:42","date_gmt":"2021-02-14T22:01:42","guid":{"rendered":"http:\/\/neurovallee.com\/?page_id=8"},"modified":"2024-01-01T14:28:02","modified_gmt":"2024-01-01T13:28:02","slug":"contact","status":"publish","type":"page","link":"https:\/\/neurovallee.com\/index.php\/contact\/","title":{"rendered":"Contacts"},"content":{"rendered":"\n<p class=\"has-text-align-center has-background\" style=\"background-color:#d6a8b3\">Pour toute l&#8217;activit\u00e9 qui concerne les enfants et les adolescents ainsi que les adultes ayant des questions quant \u00e0 un possible trouble du neurod\u00e9veloppement <\/p>\n\n\n\n<p class=\"has-text-align-center has-background\" style=\"background-color:#d6a8b3\"><strong>Jo\u00eblle est joignable au 06.62.77.23.79<\/strong><\/p>\n\n\n\n<p class=\"has-text-align-center has-background\" style=\"background-color:#edd2d2\">Pour toute l&#8217;activit\u00e9 qui concerne les adultes et les personnes \u00e2g\u00e9es <\/p>\n\n\n\n<p class=\"has-text-align-center has-background\" style=\"background-color:#edd2d2\"><strong>No\u00e9mie est joignable au 06.16.70.36.74<\/strong><\/p>\n\n\n<div class=\"wp-block-image\">\n<figure class=\"aligncenter size-full is-resized\"><img loading=\"lazy\" decoding=\"async\" src=\"http:\/\/neurovallee.com\/wp-content\/uploads\/2021\/02\/telephone.jpg\" alt=\"\" class=\"wp-image-190\" width=\"138\" height=\"252\" srcset=\"https:\/\/neurovallee.com\/wp-content\/uploads\/2021\/02\/telephone.jpg 275w, https:\/\/neurovallee.com\/wp-content\/uploads\/2021\/02\/telephone-164x300.jpg 164w\" sizes=\"auto, (max-width: 138px) 100vw, 138px\" \/><\/figure><\/div>\n\n\n<p class=\"has-text-align-center has-background\" style=\"background-color:#d6a8b3\">Pour toute demande de rendez-vous ou pour obtenir un renseignement vous pouvez nous envoyer un e-mail et Adeline QUELQUEGER, notre coll\u00e8gue secr\u00e9taire, sera ravie de vous r\u00e9pondre.<\/p>\n\n\n\n<p class=\"has-text-align-center has-background\" style=\"background-color:#d6a8b3\"><strong>contact.neurovallee@gmail.com<\/strong><\/p>\n\n\n\n<p class=\"has-text-align-center has-background\" style=\"background-color:#d6a8b3\">Nous trouverons ensemble la meilleure fa\u00e7on de vous aider <\/p>\n\n\n<div class=\"wp-block-image\">\n<figure class=\"aligncenter size-large is-resized\"><img loading=\"lazy\" decoding=\"async\" src=\"http:\/\/neurovallee.com\/wp-content\/uploads\/2021\/02\/aide.jpg\" alt=\"\" class=\"wp-image-189\" width=\"364\" height=\"395\" srcset=\"https:\/\/neurovallee.com\/wp-content\/uploads\/2021\/02\/aide.jpg 485w, https:\/\/neurovallee.com\/wp-content\/uploads\/2021\/02\/aide-276x300.jpg 276w\" sizes=\"auto, (max-width: 364px) 100vw, 364px\" \/><\/figure><\/div>","protected":false},"excerpt":{"rendered":"<p>Pour toute l&#8217;activit\u00e9 qui concerne les enfants et les adolescents ainsi que les adultes ayant des questions quant \u00e0 un possible trouble du neurod\u00e9veloppement Jo\u00eblle est joignable au 06.62.77.23.79 Pour toute l&#8217;activit\u00e9 qui concerne les adultes et les personnes \u00e2g\u00e9es No\u00e9mie est joignable au 06.16.70.36.74 Pour toute demande de rendez-vous ou pour obtenir un renseignement &hellip; <\/p>\n<p class=\"link-more\"><a href=\"https:\/\/neurovallee.com\/index.php\/contact\/\" class=\"more-link\">Continue reading<span class=\"screen-reader-text\"> &#8220;Contacts&#8221;<\/span><\/a><\/p>\n","protected":false},"author":1,"featured_media":0,"parent":0,"menu_order":0,"comment_status":"closed","ping_status":"closed","template":"","meta":{"footnotes":""},"class_list":["post-8","page","type-page","status-publish","hentry"],"_links":{"self":[{"href":"https:\/\/neurovallee.com\/index.php\/wp-json\/wp\/v2\/pages\/8","targetHints":{"allow":["GET"]}}],"collection":[{"href":"https:\/\/neurovallee.com\/index.php\/wp-json\/wp\/v2\/pages"}],"about":[{"href":"https:\/\/neurovallee.com\/index.php\/wp-json\/wp\/v2\/types\/page"}],"author":[{"embeddable":true,"href":"https:\/\/neurovallee.com\/index.php\/wp-json\/wp\/v2\/users\/1"}],"replies":[{"embeddable":true,"href":"https:\/\/neurovallee.com\/index.php\/wp-json\/wp\/v2\/comments?post=8"}],"version-history":[{"count":8,"href":"https:\/\/neurovallee.com\/index.php\/wp-json\/wp\/v2\/pages\/8\/revisions"}],"predecessor-version":[{"id":332,"href":"https:\/\/neurovallee.com\/index.php\/wp-json\/wp\/v2\/pages\/8\/revisions\/332"}],"wp:attachment":[{"href":"https:\/\/neurovallee.com\/index.php\/wp-json\/wp\/v2\/media?parent=8"}],"curies":[{"name":"wp","href":"https:\/\/api.w.org\/{rel}","templated":true}]}}